8?
1
What is the hundred thousands digit of 4636203466?
2
What is the ten thousands digit of 25358398?
5
What is the units digit of 29239074?
4
What is the ten thousands digit of 3441232851?
3
What is the ten millions digit of 4609805386?
0
What is the ten millions digit of 17825920?
1
What is the hundred millions digit of 328634989?
3
What is the ten millions digit of 255002734?
5
What is the ten millions digit of 4784851212?
8
What is the hundred thousands digit of 499910293?
9
What is the hundred thousands digit of 434718531?
7
What is the thousands digit of 752631663?
1
What is the hundred thousands digit of 601720574?
7
What is the hundred thousands digit of 53477876?
4
What is the thousands digit of 252494195?
4
What is the hundreds digit of 476070912?
9
What is the hundred millions digit of 5751515650?
7
What is the hundred millions digit of 486457267?
4
What is the units digit of 697067172?
2
What is the ten millions digit of 2142148410?
4
What is the millions digit of 65148067?
5
What is the thousands digit of 88398419?
8
What is the thousands digit of 101661687?
1
What is the millions digit of 820467029?
0
What is the hundred thousands digit of 72336694?
3
What is the hundreds digit of 266133374?
3
What is the millions digit of 1903293952?
3
What is the thousands digit of 21491771?
1
What is the ten thousands digit of 91286304?
8
What is the hundred millions digit of 254365629?
2
What is the ten thousands digit of 1101116105?
1
What is the hundreds digit of 5942150?
1
What is the thousands digit of 344289824?
9
What is the hundred thousands digit of 176608871?
6
What is the thousands digit of 7457165?
7
What is the millions digit of 72282353?
2
What is the thousands digit of 626421250?
1
What is the millions digit of 47937660?
7
What is the hundred thousands digit of 7741744706?
7
What is the thousands digit of 125855652?
5
What is the hundreds digit of 44618756?
7
What is the hundreds digit of 40955325?
3
What is the tens digit of 795383840?
4
What is the hundreds digit of 243661407?
4
What is the units digit of 77082688?
8
What is the ten millions digit of 388248457?
8
What is the units digit of 338755783?
3
What is the thousands digit of 65279081?
9
What is the millions digit of 788486026?
8
What is the millions digit of 1222938928?
2
What is the ten thousands digit of 51829732?
2
What is the thousands digit of 101442764?
2
What is the ten thousands digit of 101140209?
4
What is the thousands digit of 2018780053?
0
What is the units digit of 4519922596?
6
What is the hundreds digit of 652821127?
1
What is the ten thousands digit of 64456695?
5
What is the ten millions digit of 1123514909?
2
What is the ten millions digit of 102076024?
0
What is the hundred thousands digit of 50358578?
3
What is the tens digit of 921191835?
3
What is the hundreds digit of 56705477?
4
What is the thousands digit of 35095963?
5
What is the thousands digit of 84175066?
5
What is the ten millions digit of 34938808?
3
What is the hundreds digit of 18427493?
4
What is the units digit of 1330378529?
9
What is the billions digit of 2750117689?
2
What is the hundred millions digit of 2340431873?
3
What is the millions digit of 3625686413?
5
What is the tens digit of 66568506?
0
What is the ten millions digit of 42569575?
4
What is the thousands digit of 4444273?
4
What is the hundred millions digit of 221841294?
2
What is the tens digit of 153653774?
7
What is the thousands digit of 1641547258?
7
What is the thousands digit of 967807395?
7
What is the hundred thousands digit of 77688576?
6
What is the thousands digit of 3161606129?
6
What is the millions digit of 289346529?
9
What is the hundred millions digit of 1292754567?
2
What is the billions digit of 1746687304?
1
What is the hundred thousands digit of 1211970869?
9
What is the hundred millions digit of 412122513?
4
What is the billions digit of 1598206461?
1
What is the ten thousands digit of 71571245?
7
What is the hundreds digit of 116462475?
4
What is the ten thousands digit of 33768751?
6
What is the units digit of 1049185459?
9
What is the tens digit of 46441242?
4
What is the tens digit of 2653960500?
0
What is the millions digit of 306679406?
6
What is the tens digit of 965458933?
3
What is the millions digit of 10494534?
0
What is the ten thousands digit of 2214900626?
0
What is the hundreds digit of 316621632?
6
What is the hundred thousands digit of 47025944?
0
What is the ten thousands digit of 453618622?
1
What is the millions digit of 1562768976?
2
What is the hundred millions digit of 189432891?
1
What is the tens digit of 9542646?
4
What is the thousands digit of 668400962?
0
What is the hundred millions digit of 239458966?
2
What is the hundred thousands digit of 583655475?
6
What is the hundred thousands digit of 29103588?
1
What is the thousands digit of 93143144?
3
What is the hundred thousands digit of 5173046078?
0
What is the units digit of 1585347?
7
What is the hundred millions digit of 127411772?
1
What is the hundred thousands digit of 264563697?
5
What is the ten thousands digit of 2875855?
7
What is the billions digit of 1156477311?
1
What is the millions digit of 68196096?
8
What is the units digit of 42475003?
3
What is the millions digit of 90072123?
0
What is the millions digit of 923797912?
3
What is the ten thousands digit of 178328274?
2
What is the units digit of 58227703?
3
What is the hundreds digit of 1274174126?
1
What is the tens digit of 310601632?
3
What is the tens digit of 2384295340?
4
What is the hundred thousands digit of 1767741835?
7
What is the millions digit of 1942561996?
2
What is the ten thousands digit of 90680534?
8
What is the hundred thousands digit of 106396678?
3
What is the units digit of 865665786?
6
What is the ten millions digit of 68694412?
6
What is the hundred thousands digit of 5171137?
1
What is the thousands digit of 547699134?
9
What is the ten millions digit of 15758049?
1
What is the units digit of 2819033027?
7
What is the units digit of 63167286?
6
What is the thousands digit of 684277071?
7
What is the hundred millions digit of 135887557?
1
What is the hundred millions digit of 2653692009?
6
What is the units digit of 17115133?
3
What is the units digit of 399153670?
0
What is the units digit of 38450984?
4
What is the units digit of 70172209?
9
What is the thousands digit of 143545680?
5
What is the ten thousands digit of 2132653730?
5
What is the hundreds digit of 46202819?
8
What is the ten thousands digit of 610123504?
2
What is the millions digit of 16442486?
6
What is the ten millions digit of 171025159?
7
What is the units digit of 78710643?
3
What is the tens digit of 86632294?
9
What is the ten millions digit of 532000221?
3
What is the millions digit of 5326690974?
6
What is the hundred millions digit of 1787737907?
7
What is the ten millions digit of 157794578?
5
What is the ten millions digit of 26395789?
2
What is the thousands digit of 599995010?
5
What is the ten millions digit of 31638284?
3
What is the hundred thousands digit of 491353774?
3
What is the millions digit of 13779487?
3
What is the thousands digit of 104920668?
0
What is the units digit of 545139213?
3
What is the tens digit of 44616228?
2
What is the ten millions digit of 3451637684?
5
What is the hundreds digit of 2497374788?
7
What is the hundred millions digit of 397375437?
3
What is the millions digit of 104660759?
4
What is the hundred thousands digit of 58036016?
0
What is the hundred thousands digit of 275808548?
8
What is the units digit of 80930380?
0
What is the millions digit of 624321679?
4
What is the hundreds digit of 852772860?
8
What is the hundreds digit of 5576614?
6
What is the millions digit of 7448463?
7
What is the ten thousands digit of 308358323?
5
What is the units digit of 22983193?
3
What is the millions digit of 17771114?
7
What is the hundred thousands digit of 69210929?
2
What is the tens digit of 2381502562?
6
What is the tens digit of 768628659?
5
What is the millions digit of 130539688?
0
What is the hundreds digit of 1044952884?
8
What is the millions digit of 496798468?
6
What is the hundreds digit of 240998875?
8
What is the thousands digit of 25923440?
3
What is the ten thousands digit of 3675023789?
2
